{"id":10,"date":"2022-03-07T23:44:16","date_gmt":"2022-03-07T22:44:16","guid":{"rendered":"http:\/\/lereveencouleurs.fr\/?page_id=10"},"modified":"2024-05-14T22:22:01","modified_gmt":"2024-05-14T20:22:01","slug":"creche-le-reve-en-couleurs","status":"publish","type":"page","link":"http:\/\/lereveencouleurs.fr\/","title":{"rendered":"Cr\u00e8che le R\u00eave en Couleurs"},"content":{"rendered":"\n<p><strong>Cr\u00e8che parentale et associative depuis 1992<\/strong><\/p>\n\n\n\n<h2 class=\"wp-block-heading alignwide has-text-align-wide has-vivid-red-color has-text-color has-gigantic-font-size\" style=\"line-height:1.1\">Un espace unique au c\u0153ur des pentes de la Croix-Rousse et du parc Sutter<\/h2>\n\n\n\n<div style=\"height:33px\" aria-hidden=\"true\" class=\"wp-block-spacer\"><\/div>\n\n\n\n<div class=\"wp-block-group\"><div class=\"wp-block-group__inner-container is-layout-flow wp-block-group-is-layout-flow\">\n<div class=\"wp-block-columns is-layout-flex wp-container-core-columns-is-layout-9d6595d7 wp-block-columns-is-layout-flex\">\n<div class=\"wp-block-column is-layout-flow wp-block-column-is-layout-flow\">\n<p><strong>Un acc\u00e8s privil\u00e9gi\u00e9 au Parc<\/strong><\/p>\n\n\n\n<p>La cr\u00e8che est situ\u00e9e directement au sein du parc Sutter. Elle dispose d&rsquo;une cour et d&rsquo;un acc\u00e8s direct sur le Parc dont les enfants peuvent ainsi profiter tout au long de l&rsquo;ann\u00e9e.<\/p>\n\n\n\n<figure class=\"wp-block-image size-large\"><img loading=\"lazy\" decoding=\"async\" width=\"1024\" height=\"683\" src=\"http:\/\/lereveencouleurs.fr\/wp-content\/uploads\/2022\/03\/4096-2731-max-1-1024x683.jpg\" alt=\"\" class=\"wp-image-150\" srcset=\"http:\/\/lereveencouleurs.fr\/wp-content\/uploads\/2022\/03\/4096-2731-max-1-1024x683.jpg 1024w, http:\/\/lereveencouleurs.fr\/wp-content\/uploads\/2022\/03\/4096-2731-max-1-300x200.jpg 300w, http:\/\/lereveencouleurs.fr\/wp-content\/uploads\/2022\/03\/4096-2731-max-1-768x512.jpg 768w, http:\/\/lereveencouleurs.fr\/wp-content\/uploads\/2022\/03\/4096-2731-max-1-1536x1024.jpg 1536w, http:\/\/lereveencouleurs.fr\/wp-content\/uploads\/2022\/03\/4096-2731-max-1-2048x1366.jpg 2048w\" sizes=\"auto, (max-width: 1024px) 100vw, 1024px\" \/><\/figure>\n\n\n\n<div style=\"height:26px\" aria-hidden=\"true\" class=\"wp-block-spacer\"><\/div>\n\n\n\n<p><strong>La nature au quotidien<\/strong><\/p>\n\n\n\n<p>Depuis la cr\u00e8che, les enfants observent les changements des saisons et profitent d\u00e8s que possible de l&rsquo;ext\u00e9rieur et de tous les tr\u00e9sors qui s&rsquo;y cachent.<\/p>\n\n\n\n<figure class=\"wp-block-image size-large\"><img loading=\"lazy\" decoding=\"async\" width=\"1024\" height=\"577\" src=\"http:\/\/lereveencouleurs.fr\/wp-content\/uploads\/2022\/03\/suttera-1024x577.jpg\" alt=\"\" class=\"wp-image-42\" srcset=\"http:\/\/lereveencouleurs.fr\/wp-content\/uploads\/2022\/03\/suttera-1024x577.jpg 1024w, http:\/\/lereveencouleurs.fr\/wp-content\/uploads\/2022\/03\/suttera-300x169.jpg 300w, http:\/\/lereveencouleurs.fr\/wp-content\/uploads\/2022\/03\/suttera-768x432.jpg 768w, http:\/\/lereveencouleurs.fr\/wp-content\/uploads\/2022\/03\/suttera-1536x865.jpg 1536w, http:\/\/lereveencouleurs.fr\/wp-content\/uploads\/2022\/03\/suttera.jpg 1600w\" sizes=\"auto, (max-width: 1024px) 100vw, 1024px\" \/><\/figure>\n<\/div>\n\n\n\n<div class=\"wp-block-column is-vertically-aligned-center is-layout-flow wp-block-column-is-layout-flow\">\n<p><strong>Du vert et du grand air<\/strong><\/p>\n\n\n\n<p>Loin des grands axes de circulation, le R\u00eave en Couleurs est un espace unique qui tisse tous les jours des liens \u00e9troits avec son environnement.<\/p>\n\n\n\n<figure class=\"wp-block-image size-large\"><img loading=\"lazy\" decoding=\"async\" width=\"683\" height=\"1024\" src=\"http:\/\/lereveencouleurs.fr\/wp-content\/uploads\/2022\/03\/IMG_3684-1-683x1024.jpg\" alt=\"\" class=\"wp-image-134\" srcset=\"http:\/\/lereveencouleurs.fr\/wp-content\/uploads\/2022\/03\/IMG_3684-1-683x1024.jpg 683w, http:\/\/lereveencouleurs.fr\/wp-content\/uploads\/2022\/03\/IMG_3684-1-200x300.jpg 200w, http:\/\/lereveencouleurs.fr\/wp-content\/uploads\/2022\/03\/IMG_3684-1-768x1152.jpg 768w, http:\/\/lereveencouleurs.fr\/wp-content\/uploads\/2022\/03\/IMG_3684-1-1024x1536.jpg 1024w, http:\/\/lereveencouleurs.fr\/wp-content\/uploads\/2022\/03\/IMG_3684-1-1365x2048.jpg 1365w, http:\/\/lereveencouleurs.fr\/wp-content\/uploads\/2022\/03\/IMG_3684-1-scaled.jpg 1707w\" sizes=\"auto, (max-width: 683px) 100vw, 683px\" \/><\/figure>\n<\/div>\n<\/div>\n<\/div><\/div>\n\n\n\n<p class=\"has-text-align-center\"><\/p>\n\n\n\n<p><\/p>\n\n\n\n<p class=\"has-text-align-center\"><\/p>\n\n\n\n<p><\/p>\n","protected":false},"excerpt":{"rendered":"<p>Cr\u00e8che parentale et associative depuis 1992 Un espace unique au c\u0153ur des pentes de la Croix-Rousse et du parc Sutter Un acc\u00e8s privil\u00e9gi\u00e9 au Parc La cr\u00e8che est situ\u00e9e directement au sein du parc Sutter. Elle dispose d&rsquo;une cour et d&rsquo;un acc\u00e8s direct sur le Parc dont les enfants peuvent ainsi profiter tout au long [&hellip;]<\/p>\n","protected":false},"author":1,"featured_media":0,"parent":0,"menu_order":0,"comment_status":"closed","ping_status":"closed","template":"page-templates\/full-width.php","meta":{"footnotes":""},"class_list":["post-10","page","type-page","status-publish","hentry"],"jetpack_sharing_enabled":true,"_links":{"self":[{"href":"http:\/\/lereveencouleurs.fr\/index.php\/wp-json\/wp\/v2\/pages\/10","targetHints":{"allow":["GET"]}}],"collection":[{"href":"http:\/\/lereveencouleurs.fr\/index.php\/wp-json\/wp\/v2\/pages"}],"about":[{"href":"http:\/\/lereveencouleurs.fr\/index.php\/wp-json\/wp\/v2\/types\/page"}],"author":[{"embeddable":true,"href":"http:\/\/lereveencouleurs.fr\/index.php\/wp-json\/wp\/v2\/users\/1"}],"replies":[{"embeddable":true,"href":"http:\/\/lereveencouleurs.fr\/index.php\/wp-json\/wp\/v2\/comments?post=10"}],"version-history":[{"count":33,"href":"http:\/\/lereveencouleurs.fr\/index.php\/wp-json\/wp\/v2\/pages\/10\/revisions"}],"predecessor-version":[{"id":262,"href":"http:\/\/lereveencouleurs.fr\/index.php\/wp-json\/wp\/v2\/pages\/10\/revisions\/262"}],"wp:attachment":[{"href":"http:\/\/lereveencouleurs.fr\/index.php\/wp-json\/wp\/v2\/media?parent=10"}],"curies":[{"name":"wp","href":"https:\/\/api.w.org\/{rel}","templated":true}]}}

Crèche le Rêve en Couleurs

<p><strong>Crèche parentale et associative depuis 1992</strong></p>



<h2 class="wp-block-heading alignwide has-text-align-wide has-vivid-red-color has-text-color has-gigantic-font-size" style="line-height:1.1">Un espace unique au cœur des pentes de la Croix-Rousse et du parc Sutter</h2>



<div style="height:33px" aria-hidden="true" class="wp-block-spacer"></div>



<div class="wp-block-group"><div class="wp-block-group__inner-container is-layout-flow wp-block-group-is-layout-flow">
<div class="wp-block-columns is-layout-flex wp-container-core-columns-is-layout-9d6595d7 wp-block-columns-is-layout-flex">
<div class="wp-block-column is-layout-flow wp-block-column-is-layout-flow">
<p><strong>Un accès privilégié au Parc</strong></p>



<p>La crèche est située directement au sein du parc Sutter. Elle dispose d&rsquo;une cour et d&rsquo;un accès direct sur le Parc dont les enfants peuvent ainsi profiter tout au long de l&rsquo;année.</p>



<figure class="wp-block-image size-large"><img loading="lazy" decoding="async" width="1024" height="683" src="http://lereveencouleurs.fr/wp-content/uploads/2022/03/4096-2731-max-1-1024x683.jpg" alt="" class="wp-image-150" srcset="http://lereveencouleurs.fr/wp-content/uploads/2022/03/4096-2731-max-1-1024x683.jpg 1024w, http://lereveencouleurs.fr/wp-content/uploads/2022/03/4096-2731-max-1-300x200.jpg 300w, http://lereveencouleurs.fr/wp-content/uploads/2022/03/4096-2731-max-1-768x512.jpg 768w, http://lereveencouleurs.fr/wp-content/uploads/2022/03/4096-2731-max-1-1536x1024.jpg 1536w, http://lereveencouleurs.fr/wp-content/uploads/2022/03/4096-2731-max-1-2048x1366.jpg 2048w" sizes="auto, (max-width: 1024px) 100vw, 1024px" /></figure>



<div style="height:26px" aria-hidden="true" class="wp-block-spacer"></div>



<p><strong>La nature au quotidien</strong></p>



<p>Depuis la crèche, les enfants observent les changements des saisons et profitent dès que possible de l&rsquo;extérieur et de tous les trésors qui s&rsquo;y cachent.</p>



<figure class="wp-block-image size-large"><img loading="lazy" decoding="async" width="1024" height="577" src="http://lereveencouleurs.fr/wp-content/uploads/2022/03/suttera-1024x577.jpg" alt="" class="wp-image-42" srcset="http://lereveencouleurs.fr/wp-content/uploads/2022/03/suttera-1024x577.jpg 1024w, http://lereveencouleurs.fr/wp-content/uploads/2022/03/suttera-300x169.jpg 300w, http://lereveencouleurs.fr/wp-content/uploads/2022/03/suttera-768x432.jpg 768w, http://lereveencouleurs.fr/wp-content/uploads/2022/03/suttera-1536x865.jpg 1536w, http://lereveencouleurs.fr/wp-content/uploads/2022/03/suttera.jpg 1600w" sizes="auto, (max-width: 1024px) 100vw, 1024px" /></figure>
</div>



<div class="wp-block-column is-vertically-aligned-center is-layout-flow wp-block-column-is-layout-flow">
<p><strong>Du vert et du grand air</strong></p>



<p>Loin des grands axes de circulation, le Rêve en Couleurs est un espace unique qui tisse tous les jours des liens étroits avec son environnement.</p>



<figure class="wp-block-image size-large"><img loading="lazy" decoding="async" width="683" height="1024" src="http://lereveencouleurs.fr/wp-content/uploads/2022/03/IMG_3684-1-683x1024.jpg" alt="" class="wp-image-134" srcset="http://lereveencouleurs.fr/wp-content/uploads/2022/03/IMG_3684-1-683x1024.jpg 683w, http://lereveencouleurs.fr/wp-content/uploads/2022/03/IMG_3684-1-200x300.jpg 200w, http://lereveencouleurs.fr/wp-content/uploads/2022/03/IMG_3684-1-768x1152.jpg 768w, http://lereveencouleurs.fr/wp-content/uploads/2022/03/IMG_3684-1-1024x1536.jpg 1024w, http://lereveencouleurs.fr/wp-content/uploads/2022/03/IMG_3684-1-1365x2048.jpg 1365w, http://lereveencouleurs.fr/wp-content/uploads/2022/03/IMG_3684-1-scaled.jpg 1707w" sizes="auto, (max-width: 683px) 100vw, 683px" /></figure>
</div>
</div>
</div></div>



<p class="has-text-align-center"></p>



<p></p>



<p class="has-text-align-center"></p>



<p></p>

<p>Crèche parentale et associative depuis 1992 Un espace unique au cœur des pentes de la Croix-Rousse et du parc Sutter Un accès privilégié au Parc La crèche est située directement au sein du parc Sutter. Elle dispose d&rsquo;une cour et d&rsquo;un accès direct sur le Parc dont les enfants peuvent ainsi profiter tout au long [&hellip;]</p>
